(-38 - -40)?
-2
(-1 - 0) + (1 - (7 - 3))
-4
-10 - (1 - (7 - 4))
-8
(-3 + 5 - 1) + -2
-1
What is the value of 8 + -13 + -1 + 7?
1
What is the value of 7 + -3 - (0 + -3) - 4?
3
What is the value of 9 + (6 - (1 - -11))?
3
5 + -3 + 1 + 1 + -11
-7
What is the value of 111 + -111 - (-11 + 1)?
10
Evaluate (-1 - -4) + 2 - (-9 - -6).
8
What is (8 - -1 - -1) + -5?
5
What is the value of 3 - -2 - (1 - -4)?
0
Evaluate 2 + (1 - 8) + (-78 - -83).
0
What is the value of (8 + -6 - (-1 - 0)) + 0?
3
Evaluate 1 - ((-2 + 0 - -4) + 1).
-2
8 + -6 + 11 - 14
-1
What is the value of (6 - -3 - 0) + -5 - 4?
0
What is (4 - -1) + (10 + -3 - 10)?
2
Evaluate -1 + (3 + -4 - -9 - 4).
3
Calculate -5 + (16 + -8 - 13) + 6.
-4
Evaluate (-6 - -1 - -4) + -1.
-2
What is 4 - (-12 - -11 - (0 + 0))?
5
What is (2 - (2 + (1 - -1))) + 2?
0
Calculate 6 - (-11 - -4 - -5).
8
Evaluate 4 - (-2 + 1 + 6 + -6).
5
What is the value of (-1 - (-3 - -4 - 1)) + 5?
4
Calculate -3 - (4 + (1 - 4) + -9).
5
-18 + 12 + (3 - 3)
-6
What is 0 - 0 - (9 + -6 + 0)?
-3
What is (6 - 0) + (-7 - -2) + 2?
3
1 - (-1 + -3) - 5
0
Calculate -4 - (-5 + 3 + 0 + -1).
-1
What is -32 + 38 + (1 - 14) + -2?
-9
What is (-6 + -1 - (-8 + -9)) + -2?
8
Evaluate (1 - 0) + (14 - 1 - 9).
5
What is the value of 28 - 28 - (0 - (0 - 1))?
-1
Calculate -2 + (5 - -3 - (6 + -2)).
2
9 + -5 + 5 + -6
3
Evaluate -18 + 18 + 1 + 2 + -8.
-5
-2 + -5 + -4 - -15
4
Calculate -2 + -1 + 1 - (-71 + 74).
-5
What is the value of -1 + -2 + 3 + 2 - 7?
-5
Evaluate (-10 + 0 - -2) + 5 + -2.
-5
What is 11 - 1 - (15 + -11) - 3?
3
Calculate (-5 - (-2 + -4)) + 0.
1
What is 4 + 10 + -9 + -9?
-4
What is the value of (-12 - -9) + 7 - 3?
1
Evaluate -6 + 3 + -5 + -3.
-11
What is (-7 - (-10 - -5)) + 7 + -5?
0
What is the value of 81 - 75 - (-1 + 2)?
5
Calculate 3 + -8 - -6 - 10.
-9
Evaluate 3 - (-3 - 2) - 7.
1
What is the value of -10 - -4 - -4 - -10?
8
What is the value of 0 + (-10 - (-10 - -5))?
-5
What is the value of (-1 - (1 - -2)) + 9 + -9?
-4
What is the value of 0 + -8 - (10 - (-13 + 26))?
-5
Calculate (-1 + -8 - -8) + 8.
7
What is the value of 0 - (4 + -1 - 4 - -8)?
-7
What is -13 + 18 + 7 + -4?
8
What is the value of 28 + -22 + -3 + 4?
7
Calculate (-5 - (-11 + -8)) + -22.
-8
Evaluate 3 + 1 + 1 + (-2 - 4).
-1
Evaluate 1 + 3 + 1 + -3.
2
Calculate -2 - 0 - 3 - (-19 - -15).
-1
What is (44 - 43) + -3 + -3?
-5
Calculate -4 + 3 + 1 + (1 - 0).
1
13 - (1 - -5) - 4
3
Evaluate -1 + -16 + 11 + -3.
-9
Calculate -3 + (-32 - -35 - (0 - 6)).
6
Calculate -1 + -3 + -4 + 3.
-5
14 + -10 - (3 - (-5 + -2))
-6
Calculate -13 + 1 + -21 + 9 + 18.
-6
What is the value of -12 - ((4 - -2) + -11)?
-7
Calculate (9 - -7) + -6 - 14.
-4
What is -6 + 11 + (1 - 8)?
-2
Calculate (-6 - -1) + 66 + -62.
-1
Evaluate (-4 + -1 - (-5 - -1)) + 8.
7
Evaluate (7 - 3) + -2 + -6.
-4
What is 2 - (3 + (5 - (2 - -3)))?
-1
9 + -1 - 8 - (1 + 3)
-4
Evaluate 2 + 2 - (-19 - -25).
-2
Evaluate (-7 - (9 + -6 - 4)) + -1.
-7
What is the value of 61 + -74 + (15 - 2)?
0
Calculate -10 - (7 - (9 + 16)).
8
What is 5 - (-5 - (-18 + 6 - 2))?
-4
Evaluate (2 - 1) + 8 + -11.
-2
Evaluate 9 + -3 + 1 + -2.
5
What is the value of (25 - 25) + (4 - 1) + -4?
-1
What is 0 - ((0 - 3) + 2) - -4?
5
Evaluate -3 - (5 - 14) - 9.
-3
41 + -49 - (-1 - 13)
6
-1 - (5 + -5 - -3 - 3)
-1
Calculate -11 + -2 + 9 + (1 - -8).
5
What is 3 + 1 - 6 - -1?
-1
What is 2 + (6 - (0 - -13))?
-5
-4 - ((-6 - -8) + -2)
-4
Calculate 0 + -3 + (2 + 3 - 7).
-5
What is the value of -1 + 4 + -1 - (23 - 17)?
-4
What is the value of 7 + -12 + -3 + 9?
1
Evaluate 4 + (5 - (5 + -1)).
5
-4 + (-1 - (-4 - 1))
0
What is (6 - (4 + 2 - -4)) + 4?
0
Calculate (15 - 5) + -18 - -6.
-2
(3 + 0 - 3) + -4 + 0
-4
What is 2 + -2 + 2 + -1?
1
What is the value of (8 - -10) + -7 + -9?
2
Calculate -8 + -5 - (-2 - (-2 + 5)).
-8
(5 - 0) + -1 + -7 + 4
1
Evaluate -9 + (-3 - -2 - -3) + 2.
-5
Evaluate 2 + 2 + (1 - 6).
-1
What is the value of (0 - -4) + 6 + -3 + -4?
3
Evaluate (0 - -8) + -6 + 3 - 2.
3
4 - ((0 - 3) + 7)
0
Evaluate 5 + (-1 - (0 + -1)).
5
What is the value of -44 - -32 - (-9 + 3)?
-6
Calculate 1 + (4 - -1) + (-3 - -2).
5
Calculate -6 + (6 - (10 - 6) - -6).
2
Evaluate 6 + 11 - 1 - -1 - 9.
8
What is -7 + 7 + (0 - 6 - -3)?
-3
Calculate 2 - (5 - (5 - 5)) - -6.
3
Evaluate (2 + -2 - -3) + -5 - 2.
-4
What is the value of (-3 - 2) + 1 + (-4 - -3)?
-5
Evaluate 7 - (-8 - -6 - -5) - 0.
4
What is the value of (-1 - (0 + 3) - -9) + -2?
3
Evaluate -3 + -3 + 1 + 10 + -4.
1
6 + (6 - 7) + 0 + 3
8
Evaluate -8 - 0 - (30 + -41).
3
What is 2 + -5 + (11 - 4)?
4
What is the value of (5 - 2) + (-2 + 7 - 1)?
7
What is the value of 1 + (1 - 2) - (4 + 0)?
-4
Evaluate (-1 - 1) + 1 - (9 - 14).
4
-2 - (-1 + -1 - (22 + -24))
-2
Calculate -1 + 3 + 4 + -1.
5
What is the value of 5 + 1 + -7 - (-4 + 2)?
1
What is 7 + -13 + 6 + 2 - -2?
4
Evaluate (5 - 15) + 0 - -16.
6
What is 9 - ((-12 - -14) + -3)?
10
Calculate (-1 - (1 + -7)) + 0.
5
What is 6 + (-6 - 4 - 3)?
-7
What is -5 + (1 - (-7 + 4))?
-1
What is -13 - (-5 - (-14 + 15))?
-7
Calculate 4 + 0 + -1 + (6 - 5).
4
Evaluate 12 + -1 + (0 - (7 - 3)).
7
-13 - -9 - (6 + -4)
-6
(-5 - (-17 - -12)) + -5
-5
What is (0 - -1) + 1 + -2?
0
What is the value of (15 - 8) + -2 - 10?
-5
3 - ((-14 - -9) + 8 + 0)
0
What is the value of 2 + -1 + (2 + 0 - -2)?
5
What is the value of 0 + 2 + -3 + (9 - 3)?
5
What is -6 + 9 + -1 + -2 + 2?
2
1 + (-5 - (-9 - -3)) + -5
-3
What is the value of -1 + -3 + 20 + -14?
2
Evaluate 0 + 2 + -2 - -2.
2
Evaluate (10 - 22 - -2) + 10.
0
Evaluate 2 + -5 + (6 - (13 + -5)).
-5
What is -2 + 2 - (-2 - -5) - 0?
-3
Calculate 0 + 1 + 5 + -10.
-4
What is the value of -1 + (-7 + 1 - -3)?
-4
What is (4 - 7) + (5 - 3 - 0)?
-1
Calculate 6 + -1 + -1 - -1.
5
What is the value of -8 - (-5 - (2 + -13 - -6))?
-8
Evaluate (-2 + 3 - 1) + (-7 - -4).
-3
4 - (0 + 3 + 3 + -3)
1
Calculate (0 + -2 - -5) + -22 + 17.
-2
Evaluate 3 + (-4 - 1 - 3).
-5
Evaluate -2 - (-5 - -10) - (1 + -4).
-4
(-2 - -13) + 1 + -2 + -4
6
(6 + -5 - -2) + 0
3
Evaluate -1 + 1 + -5 + 0.
-5
What is the value of 5 + (0 - -1) + -1?
5
What is the value of -2 - (2 - (-2 - -1) - 3)?
-2
What is the value of (0 - -7) + (50 - 60)?
-3
What is the value of 0 + -6 + 2 + -1 + -2?
-7
What is 1 - (3 + (-1 - -1) + -5)?
3
Calculate 6 - -2 - (9 - 4).
3
Calculate (8 - 7 - 6) + 0 + 4.
-1
Calculate (-2 + 1 - -4 - 5) + -3.
-5
1 - -3 - (-1 - (-3 - -3))
5
8 + 10 + -9 + -1 + 1
9
Calculate -2 + -1 + -3 + 6.
0
Calculate 9 - (9 - 11 - -5).
6
(-1 - 2) + 2 + -3
-4
What is the value of 5 - (-1 - (-1 - 3))?
2
4 + (-6 + 3 - 1)
0
What is 5 + -3 + 2 - -1 - 3?
2
Calculate -7 + -10 + 16 - -7.
6
(4 - (-3 - -10)) + 10 + -2
5
What is (2 - 5) + -2 - (-22 - -14)?
3
Evaluate -6 + 1 - (-24 - -45 - 22).
-4
What is the value of -20 + 16 + (0 + 0 - 0)?
-4
Calculate 5 + (4 - (-2 - -7)) - 2.
2
Calculate 2 + (-8 - (2 - 5)) + 5.
2
4 - 0 - (-3 - -3 - -9)
-5
What is the value of (-13 - -7) + 2 - (-1 + 0)?
-3
Evaluate -1 - -4 - 2 - (4 - 3).
0
Evaluate 5 - (4 - 0) - -3.
4
-10 + (6 + -6 - -15)
5
What is (-7 - (16 - 12)) + 7?
-4
Calculate -5 - ((-2 - 0) + 4).
-7
Calculate 0 + 6 + 1 + -8.
-1
What is 2 + (-3 - (1 + -2)) + 0?
0
Evaluate 5 + (-1 - 0) + -1.
3
-8 + (2 - (-1 - -4) - -7)
-2
What is the value of ((5 - 14) + -4 - -5) + -1?
-9
Evaluate 0 + 1 - (-20 + 21).
0
What is 14 + -5 - (6 + 0)?
3
What is the value of (13 + -9 - 8) + 4?
0
What is 0 + (-4 - -5) - (2 + -3)?
2
8 + (0 - 3) + -7
-2
(6 - -2) + -2 + -5
1
What is the value of -5 - 2 - (-12 - 16 - -13)?
8
Calculate (17 - 23) + (0 - -10) + 1.
5
Evaluate (11 - 10) + (-4 - 2).
-5
4 + -1 - (-7 + 8) - 5
-3
(3 - (5 + -10)) + -5
3
What is -3 - (2 - (1 - (2 - 3)))?
-3
What is the value of 0 + 2 + -1 - 5?
-4
What is the value of (-38 - -40) + (-2 + 2 - 3)?
-1
-7 + (-5 - 1) + 14
1
-9 + 13 + -9 + 5
0
Evaluate -19 - -18 - (-4 - (7 - 5)).
5
What is 7 - (5 + (-2 - 1) - -2)?
3
What is -7 - (-16 - (3 + -5))?
7
(5 - (1 + 5 - 5)) + 1
5
Evaluate (-9 - -1) + 2 - (0 + -6).
0
Calculate -5 - 2 - -3 - -4.
0
What is 8 - (0 - (-6 + 0 + 3))?
5
What is the value of (0 - 4) + 8 - 0?
4
Evaluate 3 + 5 + (-5 - 3) + 5.
5
What is the value of (-7 - -11) + (-1 - 4)?
-1
What is the value of -31 - -39 - (8 - 1)?
1
-5 + 1 - (-2 - 5)
3
6 - (-3 + -2 + 10)
1
What is -5 + 17 - (13 + (-5 - 2))?
6
What is the value of 3 + (-2 - 4) + 1?
-2
3 + -3 - (2 - -2) - -2
-2
4 +